{"id":3309,"date":"2021-01-26T23:36:56","date_gmt":"2021-01-26T22:36:56","guid":{"rendered":"https:\/\/milei.ufm.edu\/en\/semanario\/?post_type=autor&#038;p=2067"},"modified":"2021-07-06T21:36:26","modified_gmt":"2021-07-06T21:36:26","slug":"mario-silar","status":"publish","type":"autor","link":"https:\/\/milei.ufm.edu\/en\/autor\/mario-silar\/","title":{"rendered":"Mario \u0160ilar"},"content":{"rendered":"<p>Profesor de &#8220;Filosof\u00eda de la Econom\u00eda&#8221; en la Carrera de &#8220;Philosophy, Politics &amp; Economics&#8221; de la Universidad de Navarra (Espa\u00f1a). Investigador Senior del Instituto Acton.<\/p>\n<p>Bachiller Universitario, Profesor y Licenciado en Filosof\u00eda por la Universidad del Norte \u00abSanto Tom\u00e1s de Aquino\u00bb (Argentina). Hizo estudios de Posgrado en Organizaci\u00f3n y Gesti\u00f3n Educativa, en la Universidad Austral (Argentina). M\u00e1ster en Derecho de la Integraci\u00f3n Econ\u00f3mica, por la Universit\u00e9 Paris I Panth\u00e9on-Sorbonne (Francia) y M\u00e1ster en Formaci\u00f3n del Profesorado por la UNED (Espa\u00f1a). DEA en Filosof\u00eda por la Universidad de Navarra (Espa\u00f1a).<\/p>\n","protected":false},"featured_media":3234,"template":"","class_list":["post-3309","autor","type-autor","status-publish","has-post-thumbnail","hentry"],"yoast_head":"<!-- This site is optimized with the Yoast SEO plugin v27.5 - https:\/\/yoast.com\/product\/yoast-seo-wordpress\/ -->\n<title>Mario \u0160ilar | UFM Reform Watch<\/title>\n<meta name=\"robots\" content=\"index, follow, max-snippet:-1, max-image-preview:large, max-video-preview:-1\" \/>\n<link rel=\"canonical\" href=\"https:\/\/milei.ufm.edu\/en\/autor\/mario-silar\/\" \/>\n<meta property=\"og:locale\" content=\"en_US\" \/>\n<meta property=\"og:type\" content=\"article\" \/>\n<meta property=\"og:title\" content=\"Mario \u0160ilar | UFM Reform Watch\" \/>\n<meta property=\"og:description\" content=\"&hellip;\" \/>\n<meta property=\"og:url\" content=\"https:\/\/milei.ufm.edu\/en\/autor\/mario-silar\/\" \/>\n<meta property=\"og:site_name\" content=\"UFM Reform Watch\" \/>\n<meta property=\"article:modified_time\" content=\"2021-07-06T21:36:26+00:00\" \/>\n<meta property=\"og:image\" content=\"https:\/\/milei.ufm.edu\/en\/wp-content\/uploads\/2021\/01\/FOTO-CV-MARIO-SILAR-HD.jpg\" \/>\n\t<meta property=\"og:image:width\" content=\"1242\" \/>\n\t<meta property=\"og:image:height\" content=\"1649\" \/>\n\t<meta property=\"og:image:type\" content=\"image\/jpeg\" \/>\n<meta name=\"twitter:card\" content=\"summary_large_image\" \/>\n<meta name=\"twitter:label1\" content=\"Est. reading time\" \/>\n\t<meta name=\"twitter:data1\" content=\"1 minute\" \/>\n<script type=\"application\/ld+json\" class=\"yoast-schema-graph\">{\"@context\":\"https:\\\/\\\/schema.org\",\"@graph\":[{\"@type\":\"WebPage\",\"@id\":\"https:\\\/\\\/milei.ufm.edu\\\/en\\\/autor\\\/mario-silar\\\/\",\"url\":\"https:\\\/\\\/milei.ufm.edu\\\/en\\\/autor\\\/mario-silar\\\/\",\"name\":\"Mario \u0160ilar | UFM Reform Watch\",\"isPartOf\":{\"@id\":\"https:\\\/\\\/milei.ufm.edu\\\/en\\\/#website\"},\"primaryImageOfPage\":{\"@id\":\"https:\\\/\\\/milei.ufm.edu\\\/en\\\/autor\\\/mario-silar\\\/#primaryimage\"},\"image\":{\"@id\":\"https:\\\/\\\/milei.ufm.edu\\\/en\\\/autor\\\/mario-silar\\\/#primaryimage\"},\"thumbnailUrl\":\"https:\\\/\\\/milei.ufm.edu\\\/en\\\/wp-content\\\/uploads\\\/2021\\\/01\\\/FOTO-CV-MARIO-SILAR-HD.jpg\",\"datePublished\":\"2021-01-26T22:36:56+00:00\",\"dateModified\":\"2021-07-06T21:36:26+00:00\",\"breadcrumb\":{\"@id\":\"https:\\\/\\\/milei.ufm.edu\\\/en\\\/autor\\\/mario-silar\\\/#breadcrumb\"},\"inLanguage\":\"en-US\",\"potentialAction\":[{\"@type\":\"ReadAction\",\"target\":[\"https:\\\/\\\/milei.ufm.edu\\\/en\\\/autor\\\/mario-silar\\\/\"]}]},{\"@type\":\"ImageObject\",\"inLanguage\":\"en-US\",\"@id\":\"https:\\\/\\\/milei.ufm.edu\\\/en\\\/autor\\\/mario-silar\\\/#primaryimage\",\"url\":\"https:\\\/\\\/milei.ufm.edu\\\/en\\\/wp-content\\\/uploads\\\/2021\\\/01\\\/FOTO-CV-MARIO-SILAR-HD.jpg\",\"contentUrl\":\"https:\\\/\\\/milei.ufm.edu\\\/en\\\/wp-content\\\/uploads\\\/2021\\\/01\\\/FOTO-CV-MARIO-SILAR-HD.jpg\",\"width\":1242,\"height\":1649},{\"@type\":\"BreadcrumbList\",\"@id\":\"https:\\\/\\\/milei.ufm.edu\\\/en\\\/autor\\\/mario-silar\\\/#breadcrumb\",\"itemListElement\":[{\"@type\":\"ListItem\",\"position\":1,\"name\":\"Portada\",\"item\":\"https:\\\/\\\/milei.ufm.edu\\\/en\\\/\"},{\"@type\":\"ListItem\",\"position\":2,\"name\":\"Autores\",\"item\":\"https:\\\/\\\/milei.ufm.edu\\\/en\\\/autor\\\/\"},{\"@type\":\"ListItem\",\"position\":3,\"name\":\"Mario \u0160ilar\"}]},{\"@type\":\"WebSite\",\"@id\":\"https:\\\/\\\/milei.ufm.edu\\\/en\\\/#website\",\"url\":\"https:\\\/\\\/milei.ufm.edu\\\/en\\\/\",\"name\":\"UFM Reform Watch\",\"description\":\"UFM Reform Watch: Milei 2023-2027\",\"potentialAction\":[{\"@type\":\"SearchAction\",\"target\":{\"@type\":\"EntryPoint\",\"urlTemplate\":\"https:\\\/\\\/milei.ufm.edu\\\/en\\\/?s={search_term_string}\"},\"query-input\":{\"@type\":\"PropertyValueSpecification\",\"valueRequired\":true,\"valueName\":\"search_term_string\"}}],\"inLanguage\":\"en-US\"}]}<\/script>\n<!-- \/ Yoast SEO plugin. -->","yoast_head_json":{"title":"Mario \u0160ilar | UFM Reform Watch","robots":{"index":"index","follow":"follow","max-snippet":"max-snippet:-1","max-image-preview":"max-image-preview:large","max-video-preview":"max-video-preview:-1"},"canonical":"https:\/\/milei.ufm.edu\/en\/autor\/mario-silar\/","og_locale":"en_US","og_type":"article","og_title":"Mario \u0160ilar | UFM Reform Watch","og_description":"&hellip;","og_url":"https:\/\/milei.ufm.edu\/en\/autor\/mario-silar\/","og_site_name":"UFM Reform Watch","article_modified_time":"2021-07-06T21:36:26+00:00","og_image":[{"width":1242,"height":1649,"url":"https:\/\/milei.ufm.edu\/en\/wp-content\/uploads\/2021\/01\/FOTO-CV-MARIO-SILAR-HD.jpg","type":"image\/jpeg"}],"twitter_card":"summary_large_image","twitter_misc":{"Est. reading time":"1 minute"},"schema":{"@context":"https:\/\/schema.org","@graph":[{"@type":"WebPage","@id":"https:\/\/milei.ufm.edu\/en\/autor\/mario-silar\/","url":"https:\/\/milei.ufm.edu\/en\/autor\/mario-silar\/","name":"Mario \u0160ilar | UFM Reform Watch","isPartOf":{"@id":"https:\/\/milei.ufm.edu\/en\/#website"},"primaryImageOfPage":{"@id":"https:\/\/milei.ufm.edu\/en\/autor\/mario-silar\/#primaryimage"},"image":{"@id":"https:\/\/milei.ufm.edu\/en\/autor\/mario-silar\/#primaryimage"},"thumbnailUrl":"https:\/\/milei.ufm.edu\/en\/wp-content\/uploads\/2021\/01\/FOTO-CV-MARIO-SILAR-HD.jpg","datePublished":"2021-01-26T22:36:56+00:00","dateModified":"2021-07-06T21:36:26+00:00","breadcrumb":{"@id":"https:\/\/milei.ufm.edu\/en\/autor\/mario-silar\/#breadcrumb"},"inLanguage":"en-US","potentialAction":[{"@type":"ReadAction","target":["https:\/\/milei.ufm.edu\/en\/autor\/mario-silar\/"]}]},{"@type":"ImageObject","inLanguage":"en-US","@id":"https:\/\/milei.ufm.edu\/en\/autor\/mario-silar\/#primaryimage","url":"https:\/\/milei.ufm.edu\/en\/wp-content\/uploads\/2021\/01\/FOTO-CV-MARIO-SILAR-HD.jpg","contentUrl":"https:\/\/milei.ufm.edu\/en\/wp-content\/uploads\/2021\/01\/FOTO-CV-MARIO-SILAR-HD.jpg","width":1242,"height":1649},{"@type":"BreadcrumbList","@id":"https:\/\/milei.ufm.edu\/en\/autor\/mario-silar\/#breadcrumb","itemListElement":[{"@type":"ListItem","position":1,"name":"Portada","item":"https:\/\/milei.ufm.edu\/en\/"},{"@type":"ListItem","position":2,"name":"Autores","item":"https:\/\/milei.ufm.edu\/en\/autor\/"},{"@type":"ListItem","position":3,"name":"Mario \u0160ilar"}]},{"@type":"WebSite","@id":"https:\/\/milei.ufm.edu\/en\/#website","url":"https:\/\/milei.ufm.edu\/en\/","name":"UFM Reform Watch","description":"UFM Reform Watch: Milei 2023-2027","potentialAction":[{"@type":"SearchAction","target":{"@type":"EntryPoint","urlTemplate":"https:\/\/milei.ufm.edu\/en\/?s={search_term_string}"},"query-input":{"@type":"PropertyValueSpecification","valueRequired":true,"valueName":"search_term_string"}}],"inLanguage":"en-US"}]}},"meta_box":{"ocupacion_autor":""},"_links":{"self":[{"href":"https:\/\/milei.ufm.edu\/en\/wp-json\/wp\/v2\/autor\/3309","targetHints":{"allow":["GET"]}}],"collection":[{"href":"https:\/\/milei.ufm.edu\/en\/wp-json\/wp\/v2\/autor"}],"about":[{"href":"https:\/\/milei.ufm.edu\/en\/wp-json\/wp\/v2\/types\/autor"}],"wp:featuredmedia":[{"embeddable":true,"href":"https:\/\/milei.ufm.edu\/en\/wp-json\/wp\/v2\/media\/3234"}],"wp:attachment":[{"href":"https:\/\/milei.ufm.edu\/en\/wp-json\/wp\/v2\/media?parent=3309"}],"curies":[{"name":"wp","href":"https:\/\/api.w.org\/{rel}","templated":true}]}}

Mario Šilar

<p>Profesor de &#8220;Filosofía de la Economía&#8221; en la Carrera de &#8220;Philosophy, Politics &amp; Economics&#8221; de la Universidad de Navarra (España). Investigador Senior del Instituto Acton.</p>
<p>Bachiller Universitario, Profesor y Licenciado en Filosofía por la Universidad del Norte «Santo Tomás de Aquino» (Argentina). Hizo estudios de Posgrado en Organización y Gestión Educativa, en la Universidad Austral (Argentina). Máster en Derecho de la Integración Económica, por la Université Paris I Panthéon-Sorbonne (Francia) y Máster en Formación del Profesorado por la UNED (España). DEA en Filosofía por la Universidad de Navarra (España).</p>

<!-- This site is optimized with the Yoast SEO plugin v27.5 - https://yoast.com/product/yoast-seo-wordpress/ -->
<title>Mario Šilar | UFM Reform Watch</title>
<meta name="robots" content="index, follow, max-snippet:-1, max-image-preview:large, max-video-preview:-1" />
<link rel="canonical" href="https://milei.ufm.edu/en/autor/mario-silar/" />
<meta property="og:locale" content="en_US" />
<meta property="og:type" content="article" />
<meta property="og:title" content="Mario Šilar | UFM Reform Watch" />
<meta property="og:description" content="&hellip;" />
<meta property="og:url" content="https://milei.ufm.edu/en/autor/mario-silar/" />
<meta property="og:site_name" content="UFM Reform Watch" />
<meta property="article:modified_time" content="2021-07-06T21:36:26+00:00" />
<meta property="og:image" content="https://milei.ufm.edu/en/wp-content/uploads/2021/01/FOTO-CV-MARIO-SILAR-HD.jpg" />
	<meta property="og:image:width" content="1242" />
	<meta property="og:image:height" content="1649" />
	<meta property="og:image:type" content="image/jpeg" />
<meta name="twitter:card" content="summary_large_image" />
<meta name="twitter:label1" content="Est. reading time" />
	<meta name="twitter:data1" content="1 minute" />
<script type="application/ld+json" class="yoast-schema-graph">{"@context":"https:\/\/schema.org","@graph":[{"@type":"WebPage","@id":"https:\/\/milei.ufm.edu\/en\/autor\/mario-silar\/","url":"https:\/\/milei.ufm.edu\/en\/autor\/mario-silar\/","name":"Mario Šilar | UFM Reform Watch","isPartOf":{"@id":"https:\/\/milei.ufm.edu\/en\/#website"},"primaryImageOfPage":{"@id":"https:\/\/milei.ufm.edu\/en\/autor\/mario-silar\/#primaryimage"},"image":{"@id":"https:\/\/milei.ufm.edu\/en\/autor\/mario-silar\/#primaryimage"},"thumbnailUrl":"https:\/\/milei.ufm.edu\/en\/wp-content\/uploads\/2021\/01\/FOTO-CV-MARIO-SILAR-HD.jpg","datePublished":"2021-01-26T22:36:56+00:00","dateModified":"2021-07-06T21:36:26+00:00","breadcrumb":{"@id":"https:\/\/milei.ufm.edu\/en\/autor\/mario-silar\/#breadcrumb"},"inLanguage":"en-US","potentialAction":[{"@type":"ReadAction","target":["https:\/\/milei.ufm.edu\/en\/autor\/mario-silar\/"]}]},{"@type":"ImageObject","inLanguage":"en-US","@id":"https:\/\/milei.ufm.edu\/en\/autor\/mario-silar\/#primaryimage","url":"https:\/\/milei.ufm.edu\/en\/wp-content\/uploads\/2021\/01\/FOTO-CV-MARIO-SILAR-HD.jpg","contentUrl":"https:\/\/milei.ufm.edu\/en\/wp-content\/uploads\/2021\/01\/FOTO-CV-MARIO-SILAR-HD.jpg","width":1242,"height":1649},{"@type":"BreadcrumbList","@id":"https:\/\/milei.ufm.edu\/en\/autor\/mario-silar\/#breadcrumb","itemListElement":[{"@type":"ListItem","position":1,"name":"Portada","item":"https:\/\/milei.ufm.edu\/en\/"},{"@type":"ListItem","position":2,"name":"Autores","item":"https:\/\/milei.ufm.edu\/en\/autor\/"},{"@type":"ListItem","position":3,"name":"Mario Šilar"}]},{"@type":"WebSite","@id":"https:\/\/milei.ufm.edu\/en\/#website","url":"https:\/\/milei.ufm.edu\/en\/","name":"UFM Reform Watch","description":"UFM Reform Watch: Milei 2023-2027","potentialAction":[{"@type":"SearchAction","target":{"@type":"EntryPoint","urlTemplate":"https:\/\/milei.ufm.edu\/en\/?s={search_term_string}"},"query-input":{"@type":"PropertyValueSpecification","valueRequired":true,"valueName":"search_term_string"}}],"inLanguage":"en-US"}]}</script>
<!-- / Yoast SEO plugin. -->

Mario Šilar | UFM Reform Watch
