{"version":"1.0","provider_name":"UFM Reform Watch","provider_url":"https:\/\/milei.ufm.edu\/es","title":"La Ley Bases: la segunda etapa del Gobierno de Javier Milei","type":"rich","width":600,"height":338,"html":"<blockquote class=\"wp-embedded-content\" data-secret=\"5QBHX714H3\"><a href=\"https:\/\/milei.ufm.edu\/es\/2024\/ley-bases\/\">La Ley Bases: la segunda etapa del Gobierno de Javier Milei<\/a><\/blockquote><iframe sandbox=\"allow-scripts\" security=\"restricted\" src=\"https:\/\/milei.ufm.edu\/es\/2024\/ley-bases\/embed\/#?secret=5QBHX714H3\" width=\"600\" height=\"338\" title=\"\u00abLa Ley Bases: la segunda etapa del Gobierno de Javier Milei\u00bb \u2014 UFM Reform Watch\" data-secret=\"5QBHX714H3\" frameborder=\"0\" marginwidth=\"0\" marginheight=\"0\" scrolling=\"no\" class=\"wp-embedded-content\"><\/iframe><script>\n\/*! This file is auto-generated *\/\n!function(d,l){\"use strict\";l.querySelector&&d.addEventListener&&\"undefined\"!=typeof URL&&(d.wp=d.wp||{},d.wp.receiveEmbedMessage||(d.wp.receiveEmbedMessage=function(e){var t=e.data;if((t||t.secret||t.message||t.value)&&!\/[^a-zA-Z0-9]\/.test(t.secret)){for(var s,r,n,a=l.querySelectorAll('iframe[data-secret=\"'+t.secret+'\"]'),o=l.querySelectorAll('blockquote[data-secret=\"'+t.secret+'\"]'),c=new RegExp(\"^https?:$\",\"i\"),i=0;i<o.length;i++)o[i].style.display=\"none\";for(i=0;i<a.length;i++)s=a[i],e.source===s.contentWindow&&(s.removeAttribute(\"style\"),\"height\"===t.message?(1e3<(r=parseInt(t.value,10))?r=1e3:~~r<200&&(r=200),s.height=r):\"link\"===t.message&&(r=new URL(s.getAttribute(\"src\")),n=new URL(t.value),c.test(n.protocol))&&n.host===r.host&&l.activeElement===s&&(d.top.location.href=t.value))}},d.addEventListener(\"message\",d.wp.receiveEmbedMessage,!1),l.addEventListener(\"DOMContentLoaded\",function(){for(var e,t,s=l.querySelectorAll(\"iframe.wp-embedded-content\"),r=0;r<s.length;r++)(t=(e=s[r]).getAttribute(\"data-secret\"))||(t=Math.random().toString(36).substring(2,12),e.src+=\"#?secret=\"+t,e.setAttribute(\"data-secret\",t)),e.contentWindow.postMessage({message:\"ready\",secret:t},\"*\")},!1)))}(window,document);\n\/\/# sourceURL=https:\/\/milei.ufm.edu\/es\/wp-includes\/js\/wp-embed.min.js\n<\/script>\n","thumbnail_url":"https:\/\/milei.ufm.edu\/es\/wp-content\/uploads\/2024\/08\/Ricardo-Rojas-3.jpg","thumbnail_width":1200,"thumbnail_height":630,"description":"Con la sanci\u00f3n de la Ley Bases y su complementaria de Medidas Fiscales, puede decirse que ha iniciado la segunda etapa del gobierno del presidente Milei. Probablemente la resistencia de la oposici\u00f3n en el Congreso haya retrasado en unos seis meses la implementaci\u00f3n de este plan de privatizaciones y reducci\u00f3n y mayor eficiencia del Estado."}

Con la sanción de la Ley Bases y su complementaria de Medidas Fiscales, puede decirse que ha iniciado la segunda etapa del gobierno del presidente Milei. Probablemente la resistencia de la oposición en el Congreso haya retrasado en unos seis meses la implementación de este plan de privatizaciones y reducción y mayor eficiencia del Estado.
